{"id":4958,"date":"2017-01-10T22:21:24","date_gmt":"2017-01-10T21:21:24","guid":{"rendered":"http:\/\/sourcesdelagrandeguerre.fr\/?page_id=4958"},"modified":"2020-12-03T21:19:20","modified_gmt":"2020-12-03T20:19:20","slug":"ailleurs-sur-le-web","status":"publish","type":"page","link":"https:\/\/sourcesdelagrandeguerre.fr\/?page_id=4958","title":{"rendered":"Ailleurs sur le web"},"content":{"rendered":"<div id=\"linkcat-9\" class=\"mh-widget widget_links\">\n<h4 class=\"mh-widget-title\"><span class=\"mh-widget-title-inner\">1. Outils de recherche<\/span><\/h4>\n<ul class=\"xoxo blogroll\">\n<li><a href=\"http:\/\/monumentsmorts.univ-lille3.fr\/\" target=\"_blank\" rel=\"noopener noreferrer\">Base de donn\u00e9es Monuments aux morts 1914-1918<\/a><\/li>\n<li><a href=\"http:\/\/www.lacontemporaine.fr\/\" target=\"_blank\" rel=\"noopener noreferrer\">BDIC : dossier p\u00e9dagogique<\/a><\/li>\n<li><a href=\"https:\/\/www.siv.archives-nationales.culture.gouv.fr\/siv\/cms\/content\/display.action?uuid=d73cc252-457d-4516-9a87-9a1a5980a06a&amp;version=2&amp;preview=false&amp;typeSearch=&amp;searchString=\" target=\"_blank\" rel=\"noopener noreferrer\">Combattants et victimes civiles de la Premi\u00e8re Guerre mondiale<\/a><\/li>\n<li><a href=\"http:\/\/www.histoire-image.org\/site\/lettre_info\/hors-serie-premiere-guerre-mondiale.php\" target=\"_blank\" rel=\"noopener noreferrer\">L&rsquo;Histoire par l&rsquo;image : hors-s\u00e9rie 14-18<\/a><\/li>\n<li><a href=\"https:\/\/www.siv.archives-nationales.culture.gouv.fr\/siv\/cms\/content\/display.action?uuid=16e841bb-ffaa-4359-bf09-9714cb25c1ac&amp;version=2&amp;preview=false&amp;typeSearch=&amp;searchString=\" target=\"_blank\" rel=\"noopener noreferrer\">Les livres d&rsquo;or des morts pour la France de la Premi\u00e8re Guerre mondiale<\/a><\/li>\n<li><a href=\"https:\/\/www.siv.archives-nationales.culture.gouv.fr\/siv\/cms\/content\/display.action?uuid=822136af-8372-4bbf-a7bd-705b6f3025be&amp;version=3&amp;preview=false&amp;typeSearch=&amp;searchString=\" target=\"_blank\" rel=\"noopener noreferrer\">Les militaires dans les archives en France<\/a><\/li>\n<li><a title=\"Recherches biographiques sur les combattants et victimes de la Premi\u00e8re Guerre mondiale\" href=\"https:\/\/www.siv.archives-nationales.culture.gouv.fr\/siv\/cms\/content\/display.action?uuid=47d0db2a-ce90-40ab-a3d1-2c19acfb9da1&amp;version=1&amp;preview=false&amp;typeSearch=&amp;searchString=\" target=\"_blank\" rel=\"noopener noreferrer\">Les recherches biographiques, du XIXe au milieu du XXe s.<\/a><\/li>\n<li><a href=\"https:\/\/www.siv.archives-nationales.culture.gouv.fr\/siv\/cms\/content\/display.action?uuid=dcd6df2b-b9e7-4768-825d-12949f7f90ac&amp;version=2&amp;preview=false&amp;typeSearch=&amp;searchString=\" target=\"_blank\" rel=\"noopener noreferrer\">Vous recherchez un militaire ?<\/a><\/li>\n<\/ul>\n<\/div>\n<div id=\"linkcat-16\" class=\"mh-widget widget_links\">\n<h4 class=\"mh-widget-title\"><span class=\"mh-widget-title-inner\">2. Sources en ligne<\/span><\/h4>\n<ul class=\"xoxo blogroll\">\n<li><a title=\"Acc\u00e8s aux tables et matricules militaires en ligne\" href=\"http:\/\/sourcesdelagrandeguerre.fr\/WordPress3\/?p=903\" target=\"_blank\" rel=\"noopener noreferrer\">Archives d\u00e9partementales (matricules en ligne)<\/a><\/li>\n<li><a title=\"Famille polytechnicienne\" href=\"http:\/\/bibli.polytechnique.fr\/F\/?func=file&amp;file_name=find-b&amp;local_base=BCXC2\" target=\"_blank\" rel=\"noopener noreferrer\">Biblioth\u00e8que de l&rsquo;Ecole polytechnique<\/a><\/li>\n<li><a title=\"Europeana, portail europ\u00e9en de la culture\" href=\"http:\/\/www.europeana.eu\/portal\/\" target=\"_blank\" rel=\"noopener noreferrer\">Europeana<\/a><\/li>\n<li><a title=\"Dossiers de L\u00e9gion d\u2019honneur\" href=\"http:\/\/www.culture.gouv.fr\/documentation\/leonore\/pres.htm\" target=\"_blank\" rel=\"noopener noreferrer\">L\u00e9onore<\/a><\/li>\n<li><a title=\"M\u00e9moire des hommes\" href=\"http:\/\/www.memoiredeshommes.sga.defense.gouv.fr\" target=\"_blank\" rel=\"noopener noreferrer\">M\u00e9moire des hommes<\/a><\/li>\n<\/ul>\n<\/div>\n<div id=\"linkcat-8\" class=\"mh-widget widget_links\">\n<h4 class=\"mh-widget-title\"><span class=\"mh-widget-title-inner\">3. Institutions patrimoniales et de recherche<\/span><\/h4>\n<ul class=\"xoxo blogroll\">\n<li><a title=\"Biblioth\u00e8que de documentation internationale contemporaine\" href=\"http:\/\/www.lacontemporaine.fr\/\" target=\"_blank\" rel=\"noopener noreferrer\">BDIC<\/a><\/li>\n<li><a href=\"https:\/\/www.crid1418.org\/\" target=\"_blank\" rel=\"noopener noreferrer\">CRID 14-18<\/a><\/li>\n<li><a title=\"Etablissement de communication et de production audiovisuelle de la D\u00e9fense\" href=\"http:\/\/www.ecpad.fr\" target=\"_blank\" rel=\"noopener noreferrer\">ECPAD<\/a><\/li>\n<li><a href=\"http:\/\/www.historial.org\" target=\"_blank\" rel=\"noopener noreferrer\">Historial de la Grande Guerre<\/a><\/li>\n<li><a href=\"http:\/\/www.univ-paris1.fr\/autres-structures-de-recherche\/lobservatoire-du-centenaire\/\" target=\"_blank\" rel=\"noopener noreferrer\">L&rsquo;observatoire du Centenaire<\/a><\/li>\n<li><a href=\"http:\/\/www.chemindesdames.fr\/\" target=\"_blank\" rel=\"noopener noreferrer\">Le Chemin des Dames<\/a><\/li>\n<li><a href=\"http:\/\/centenaire.org\/fr\/autour-de-la-grande-guerre\/web\/les-sites-scientifiques\" target=\"_blank\" rel=\"noopener noreferrer\">Les sites scientifiques \/ Mission du Centenaire<\/a><\/li>\n<li><a href=\"http:\/\/centenaire.org\/fr\/autour-de-la-grande-guerre\/web\/les-soldats-et-regiments-dans-le-conflit-1914-1918\" target=\"_blank\" rel=\"noopener noreferrer\">Les soldats et r\u00e9giments dans le conflit \/ Mission du Centenaire<\/a><\/li>\n<li><a href=\"http:\/\/centenaire.org\/fr\" target=\"_blank\" rel=\"noopener noreferrer\">Mission centenaire 14-18<\/a><\/li>\n<li><a href=\"http:\/\/www.museedelagrandeguerre.eu\/\" target=\"_blank\" rel=\"noopener noreferrer\">Mus\u00e9e de la Grande Guerre de Meaux<\/a><\/li>\n<li><a title=\"Service historique de la D\u00e9fense\" href=\"http:\/\/www.servicehistorique.sga.defense.gouv.fr\/\" target=\"_blank\" rel=\"noopener noreferrer\">Service historique de la D\u00e9fense<\/a><\/li>\n<\/ul>\n<\/div>\n<div id=\"linkcat-17\" class=\"mh-widget widget_links\">\n<h4 class=\"mh-widget-title\"><span class=\"mh-widget-title-inner\">4. A l&rsquo;\u00e9tranger<\/span><\/h4>\n<ul class=\"xoxo blogroll\">\n<li><a title=\"Russie\" href=\"http:\/\/regiment.ru\/index.htm\" target=\"_blank\" rel=\"noopener noreferrer\">Arm\u00e9e imp\u00e9riale russe<\/a><\/li>\n<li><a href=\"http:\/\/www.awm.gov.au\/\" target=\"_blank\" rel=\"noopener noreferrer\">Australian war museum<\/a><\/li>\n<li><a href=\"http:\/\/www.collectionscanada.gc.ca\/index-f.html?PHPSESSID=ngs4gtk480mcca2l8keu8g3g81\" target=\"_blank\" rel=\"noopener noreferrer\">Biblioth\u00e8que et Archives Canada<\/a><\/li>\n<li><a title=\"Allemagne\" href=\"http:\/\/www.bundesarchiv.de\/index.html.de\" target=\"_blank\" rel=\"noopener noreferrer\">Bundesarchiv<\/a><\/li>\n<li><a title=\"Royaume-Uni\" href=\"http:\/\/www.iwm.org.uk\/\" target=\"_blank\" rel=\"noopener noreferrer\">Imperial War Museum<\/a><\/li>\n<li><a href=\"http:\/\/www.inflandersfields.be\/#dodenregister\" target=\"_blank\" rel=\"noopener noreferrer\">In Flanders Fields<\/a><\/li>\n<li><a href=\"https:\/\/www.bundeswehr.de\/de\/organisation\/weitere-bmvg-dienststellen\/zentrum-militaergeschichte-sozialwissenschaften\" target=\"_blank\" rel=\"noopener noreferrer\">Milit\u00e4rgeschichtliches Forschungsamt<\/a><\/li>\n<li><a title=\"Belgique\" href=\"https:\/\/www.klm-mra.be\/D7t\/fr\" target=\"_blank\" rel=\"noopener noreferrer\">Mus\u00e9e royal de l&rsquo;arm\u00e9e belge<\/a><\/li>\n<li><a href=\"http:\/\/www.archives.gov\/\" target=\"_blank\" rel=\"noopener noreferrer\">National Archives (USA)<\/a><\/li>\n<li><a href=\"http:\/\/www.armymuseum.co.nz\/research\/\" target=\"_blank\" rel=\"noopener noreferrer\">National Army Museum (Nouvelle-Z\u00e9lande)<\/a><\/li>\n<li><a href=\"http:\/\/www.cwgc.org\/\" target=\"_blank\" rel=\"noopener noreferrer\">The Commonwealth war graves commission<\/a><\/li>\n<li><a href=\"http:\/\/www.nationalarchives.gov.uk\/\" target=\"_blank\" rel=\"noopener noreferrer\">The National Archives (UK)<\/a><\/li>\n<li><a title=\"Recherches de s\u00e9pultures allemandes\" href=\"http:\/\/www.volksbund.de\/graebersuche.html\" target=\"_blank\" rel=\"noopener noreferrer\">Volksbund<\/a><\/li>\n<\/ul>\n<\/div>\n<div id=\"linkcat-2\" class=\"mh-widget widget_links\">\n<h4 class=\"mh-widget-title\"><span class=\"mh-widget-title-inner\">5. Blogoliste<\/span><\/h4>\n<ul class=\"xoxo blogroll\">\n<li><a href=\"http:\/\/lagrandeguerre.blog.lemonde.fr\/\" target=\"_blank\" rel=\"noopener noreferrer\">14-18 Chroniques du Centenaire<\/a><\/li>\n<li><a href=\"http:\/\/buclermont.hypotheses.org\/?p=1515&amp;preview=true\" target=\"_blank\" rel=\"noopener noreferrer\">BCU 1914-1918<\/a><\/li>\n<li><a href=\"http:\/\/www.centenarynews.com\/\" target=\"_blank\" rel=\"noopener noreferrer\">Centenary News<\/a><\/li>\n<li><a href=\"http:\/\/www.ceuxde14.fr\/\" target=\"_blank\" rel=\"noopener noreferrer\">Ceux de 14<\/a><\/li>\n<li><a href=\"http:\/\/coursdhistoiremilitaire.over-blog.com\/\" target=\"_blank\" rel=\"noopener noreferrer\">Cours d&rsquo;histoire militaire<\/a><\/li>\n<li><a title=\"D\u2019a\u00ebiux et d\u2019ailleurs, site de g\u00e9n\u00e9alogie et documents d\u2019archives\" href=\"http:\/\/www.daieux-et-dailleurs.fr\/\" target=\"_blank\" rel=\"noopener noreferrer\">D&rsquo;A\u00efeux et d&rsquo;Ailleurs<\/a><\/li>\n<li><a href=\"http:\/\/www.dessins1418.fr\/\" target=\"_blank\" rel=\"noopener noreferrer\">Dessins 1418<\/a><\/li>\n<li><a href=\"http:\/\/devhist.hypotheses.org\/\" target=\"_blank\" rel=\"noopener noreferrer\">Devenir historien-ne<\/a><\/li>\n<li><a href=\"http:\/\/enenvor.fr\/\" target=\"_blank\" rel=\"noopener noreferrer\">En Envor<\/a><\/li>\n<li><a href=\"http:\/\/enklask.hypotheses.org\/\" target=\"_blank\" rel=\"noopener noreferrer\">Enklask \/ Enqu\u00eate<\/a><\/li>\n<li><a href=\"http:\/\/geographie.blog.lemonde.fr\/\" target=\"_blank\" rel=\"noopener noreferrer\">G\u00e9ographe du monde<\/a><\/li>\n<li><a href=\"http:\/\/www.guerre1418.fr\/\" target=\"_blank\" rel=\"noopener noreferrer\">Guerre 1418.fr<\/a><\/li>\n<li><a href=\"http:\/\/guerres-et-conflits.over-blog.com\/\" target=\"_blank\" rel=\"noopener noreferrer\">Guerres et conflits<\/a><\/li>\n<li><a href=\"http:\/\/1418.hypotheses.org\/\" target=\"_blank\" rel=\"noopener noreferrer\">Histoire(s) de 14-18<\/a><\/li>\n<li><a href=\"http:\/\/hopitauxmilitairesguerre1418.overblog.com\/\" target=\"_blank\" rel=\"noopener noreferrer\">H\u00f4pitaux militaires de la guerre14-18<\/a><\/li>\n<li><a title=\"Il y a cent ans\" href=\"http:\/\/aetdebesancon.blog.lemonde.fr\/\" target=\"_blank\" rel=\"noopener noreferrer\">Il y a cent ans<\/a><\/li>\n<li><a href=\"http:\/\/latb1418.free.fr\/\" target=\"_blank\" rel=\"noopener noreferrer\">L&rsquo;Alloeu Terre de Batailles 1914-1918<\/a><\/li>\n<li><a href=\"http:\/\/lautrecotedelacolline.blogspot.fr\/\" target=\"_blank\" rel=\"noopener noreferrer\">L&rsquo;autre c\u00f4t\u00e9 de la colline<\/a><\/li>\n<li><a href=\"http:\/\/www.boiteaoutils.info\/\" target=\"_blank\" rel=\"noopener noreferrer\">La boite \u00e0 outils des Historiens<\/a><\/li>\n<li><a title=\"La gazette des anc\u00eatres par Sophie Boudarel\" href=\"http:\/\/lagazettedesancetres.blogspot.fr\/\" target=\"_blank\" rel=\"noopener noreferrer\">La gazette des anc\u00eatres<\/a><\/li>\n<li><a href=\"http:\/\/lavoiedelepee.blogspot.com\/\" target=\"_blank\" rel=\"noopener noreferrer\">La voie de l&rsquo;\u00e9p\u00e9e<\/a><\/li>\n<li><a title=\"Le parcours du combattant de la guerre 1914-1918\" href=\"http:\/\/combattant.14-18.pagesperso-orange.fr\/\" target=\"_blank\" rel=\"noopener noreferrer\">Le parcours du combattant de la guerre 1914-1918<\/a><\/li>\n<li><a title=\"Le portail du Chemin des Dames\" href=\"http:\/\/www.chemindesdames.fr\/default.asp\" target=\"_blank\" rel=\"noopener noreferrer\">Le portail du Chemin des Dames<\/a><\/li>\n<li><a href=\"http:\/\/arts.leeds.ac.uk\/legaciesofwar\/\" target=\"_blank\" rel=\"noopener noreferrer\">Legacies of War<\/a><\/li>\n<li><a href=\"http:\/\/tokenheiser.blogspot.fr\/\" target=\"_blank\" rel=\"noopener noreferrer\">Lorraine\u2026et au-del\u00e0<\/a><\/li>\n<li><a href=\"http:\/\/poilusdelavienne.blogspot.fr\/\" target=\"_blank\" rel=\"noopener noreferrer\">M\u00e9moire des poilus de la Vienne<\/a><\/li>\n<li><a title=\"Archives, g\u00e9n\u00e9alogie et vieux \u00e9crits\" href=\"http:\/\/www.papiers-poussieres.fr\/\" target=\"_blank\" rel=\"noopener noreferrer\">Papiers et poussi\u00e8res<\/a><\/li>\n<li><a href=\"http:\/\/www.paysagesenbataille.be\/\" target=\"_blank\" rel=\"noopener noreferrer\">Paysages en bataille<\/a><\/li>\n<li><a href=\"http:\/\/prisme1418.blogspot.fr\/\" target=\"_blank\" rel=\"noopener noreferrer\">Prisme1418<\/a><\/li>\n<li><a title=\"Exposition virtuelle-Sur les chemins de la Grande Guerre\" href=\"http:\/\/expositionvirtuelle.memoire1418.org\/\" target=\"_blank\" rel=\"noopener noreferrer\">Sur les chemins de la Grande Guerre<\/a><\/li>\n<li><a href=\"http:\/\/www.verdun-meuse.fr\/\" target=\"_blank\" rel=\"noopener noreferrer\">Verdun-Meuse<\/a><\/li>\n<li><a href=\"http:\/\/www.wikipasdecalais.fr\/index.php\/Accueil\" target=\"_blank\" rel=\"noopener noreferrer\">Wikipasdecalais<\/a><\/li>\n<\/ul>\n<\/div>\n","protected":false},"excerpt":{"rendered":"<p>1. Outils de recherche Base de donn\u00e9es Monuments aux morts 1914-1918 BDIC : dossier p\u00e9dagogique Combattants et victimes civiles de la Premi\u00e8re Guerre mondiale L&rsquo;Histoire par l&rsquo;image : hors-s\u00e9rie 14-18 Les livres d&rsquo;or des morts pour la France de la Premi\u00e8re Guerre mondiale Les militaires dans les archives en France Les recherches biographiques, du XIXe au milieu du XXe s. Vous recherchez un militaire ? 2. Sources en ligne Archives d\u00e9partementales (matricules en ligne) Biblioth\u00e8que de l&rsquo;Ecole polytechnique Europeana L\u00e9onore M\u00e9moire des hommes 3. Institutions patrimoniales et de recherche BDIC CRID 14-18 ECPAD Historial de la Grande Guerre L&rsquo;observatoire du Centenaire Le Chemin des Dames Les sites scientifiques \/ Mission du Centenaire Les soldats et r\u00e9giments dans le conflit \/ Mission du Centenaire Mission centenaire 14-18 Mus\u00e9e de la Grande Guerre de Meaux Service historique de la D\u00e9fense 4. A l&rsquo;\u00e9tranger Arm\u00e9e imp\u00e9riale russe Australian war museum Biblioth\u00e8que et Archives Canada Bundesarchiv Imperial War Museum In Flanders Fields Milit\u00e4rgeschichtliches Forschungsamt Mus\u00e9e royal de l&rsquo;arm\u00e9e belge National Archives (USA) National Army Museum (Nouvelle-Z\u00e9lande) The Commonwealth war graves commission The National Archives (UK) Volksbund 5. Blogoliste 14-18 Chroniques du Centenaire BCU 1914-1918 Centenary News Ceux de 14 Cours d&rsquo;histoire militaire D&rsquo;A\u00efeux et&#8230;<\/p>\n","protected":false},"author":1,"featured_media":0,"parent":0,"menu_order":0,"comment_status":"closed","ping_status":"closed","template":"","meta":{"spay_email":""},"jetpack_shortlink":"https:\/\/wp.me\/P2bYSy-1hY","jetpack_sharing_enabled":true,"_links":{"self":[{"href":"https:\/\/sourcesdelagrandeguerre.fr\/index.php?rest_route=\/wp\/v2\/pages\/4958"}],"collection":[{"href":"https:\/\/sourcesdelagrandeguerre.fr\/index.php?rest_route=\/wp\/v2\/pages"}],"about":[{"href":"https:\/\/sourcesdelagrandeguerre.fr\/index.php?rest_route=\/wp\/v2\/types\/page"}],"author":[{"embeddable":true,"href":"https:\/\/sourcesdelagrandeguerre.fr\/index.php?rest_route=\/wp\/v2\/users\/1"}],"replies":[{"embeddable":true,"href":"https:\/\/sourcesdelagrandeguerre.fr\/index.php?rest_route=%2Fwp%2Fv2%2Fcomments&post=4958"}],"version-history":[{"count":7,"href":"https:\/\/sourcesdelagrandeguerre.fr\/index.php?rest_route=\/wp\/v2\/pages\/4958\/revisions"}],"predecessor-version":[{"id":5619,"href":"https:\/\/sourcesdelagrandeguerre.fr\/index.php?rest_route=\/wp\/v2\/pages\/4958\/revisions\/5619"}],"wp:attachment":[{"href":"https:\/\/sourcesdelagrandeguerre.fr\/index.php?rest_route=%2Fwp%2Fv2%2Fmedia&parent=4958"}],"curies":[{"name":"wp","href":"https:\/\/api.w.org\/{rel}","templated":true}]}}