{"id":8,"date":"2012-01-22T15:46:39","date_gmt":"2012-01-22T14:46:39","guid":{"rendered":"http:\/\/sourcesdelagrandeguerre.fr\/WordPress3\/?page_id=8"},"modified":"2012-01-22T15:51:20","modified_gmt":"2012-01-22T14:51:20","slug":"droits-dutilisation","status":"publish","type":"page","link":"https:\/\/sourcesdelagrandeguerre.fr\/?page_id=8","title":{"rendered":"Droits d\u2019utilisation"},"content":{"rendered":"<p><a href=\"http:\/\/creativecommons.org\/licenses\/by-nc-nd\/3.0\/\" target=\"_blank\"><img decoding=\"async\" src=\"data:image\/png;base64,iVBORw0KGgoAAAANSUhEUgAAAFwAAAAjCAIAAACW+fobAAAG8ElEQVRoge2azWsbRxTA51oQ6BgQlIVAsAIJcml7KcF7cP4A5WQIpOjQj9y6xK6pWyXeBCUlbcAIuSUp2G5rCCV2vP7Wt1bSarUfM7s7K8m+6qA\/QPgvUA8Tjzer1UpOm9ShfuxBzM7befub997MvBXonUufgP\/agLMoJ1DA\/17cUEjrXm43XdjPljKFSr4klSpyWVKlui6rSNEMDZo6siDCCGGELAgtXTc0FSl1Xa6pUkUui1KpUMlnS9l0YX8vt7uT2d5Kb27uCRu7L1\/urL\/cWV\/fXlvbenE2LyeXEyiESE7MFquFck2UlGpdlzVDhZZu2gZuWnYLNw4azcNG87DROGjYLRs3LdM2oAU1Q63rsqRUy7JYrBZy4mtchL0NwmV9e+2Mc3FDOSEil2uqpEAFmrppG3YLJx4mJq9PBgIBp7MFAoHJ65OJRwm7hc2GCS1dRUpNq1XkcrFapFy2M1ub+4Kwt7Gx84rLXHwuHA47HxUOh+fic\/4WvwMtDyjZUoYSUZGCMMRNK5lKhkIh\/1AMhULJxSRuWggjzVDlV1wKJI52szvb6a3NfWFj9+UvzxbHwmNEi2VZjuM4jmNZlrSMhcdST1P9tqaept6NlgeUQiVfronHRJDdwtEbUfrmwWAwFovxPC+KoiiKPM\/HYrFgMEg7RG9Ea4pk2Egz1JpWK8tioZLPljL7+T0SRH8+\/4P4WjQabbfbzmzfbrej0SjxPpetK6vL70zLA0pJKklKVYEKwtBJJBgM8jzf7XY9V6+VlRWKZiw8VlMkhJGKFEmpilIpX85lium93O52eou4cSwWc613zkeRhzgNJbPt1EouLNycmjqtVr\/Z\/VoeUCpyua7L0NRx06JEIpGIi3S\/dLvdSCRC\/QU3LWjpdV0+DqLMfn7v7nyczNvhwcEgKL1ej8whjfm5+BwA4KPx8d+ePqNELly4EPggMDs90+l0fLRcY\/WLS8sbiqRKKlJN20imkpTIIAfx4ZJcTJoNUzPUmiqJtVK+nEsX9sOXwwCAoXzb7TbJhcRK4lxjly5dZJiJz67d\/vIrAADP8z8++hEAsL625qN12rG8odR1GVq63cIkswaDQcuyRiFCuZA4CoVCdgtDCxJnKVQK2VKGZDtn\/1gsRiC6nJzkQmoly7Lf3pn+7tvZiwxDLuIjLi\/o16K3qCK9PLW8oahIMWwj8TBBbOV5fnQiREigAgASjxKmbZDMUqoWc2IWAMBxnLMzcIizneM45+tRLVVRZqdnqMrs9IyTyyCtXq93++vbrstTyxuKZmhW05q8PknchAaOKIrRaJRlWZZlKSln48LCAh2GOMvk9UnctHRDoxH0z6EQ6XQ6s9Mz41eukjm\/OTWVy2aHag2S4VCgqdstTFYy6tKiKILXhWVZQRBcjbQ\/CYpAIGC3bGjpslYry2K+nP8n4UNvHR0dLS8t9Xq9w4MDZzhMfHbtbYUPsmDjwCaG0skn6ZNhmHa7LYoiwzArKyukkSxMgiCQRtKfRlDjoIFO0kr+8uXL\/cmv3038U+bNqamLDDN+5er4laskgtbX1u79EP8wFPLR+uqLL1yX51gDoGDYPGwQQ0VRdNrtyi8+SYd6VvOwgTCq63UCZf7+PQBANBr1hzJocSV3O51O4v4DsiQnFxaOjo5G0RokIy3JbxVKppgmq7LP5o1E+NBt2JOffnZu3kbUcomn1qnDp9vtWpbFMAzP8zR8nI2k\/6DwyRTTz188f\/+2+Z6J1jOn+iRaMgOBQMBuYWieJNpMMb2b21n9a5WeWSORSCwW4ziO7voGHe1WVpfp0e6tanlAIUsy2eAHg0GK1nNJFgSBPRZnHDEMA46XZO14Sc6JOXJc3kpvCrsb3999f0oHZPNG9\/jO3ceI0r95qyrVUrWYLWXJWZkUEM5sCc4Diqy5t\/lDjw9O8d\/m02rTewaFHgiXf1+iofgmB8JU0rQNzVAlVSLVA1pqIvW3M1uU9IACAIjPx0np4NbntyiXocfCdrvtLh2Y+oOHD8B7KB5QAADcnW+QBfFoRaZut8vzPC0yffLpJ3YLIwzj8\/H\/4IX+DfGGAgC4Ox9HGOEWpv4CRitH2i1sYPTrs1+Hjtpz7Nyct3y0+n\/3Wz5UyzX6IPO8H313Po4siJvW8u9LIxWuU6RwDf2JuF7JZa6\/1qD+w9\/wNFp+UAAA3J1v6CeOZCo56BNHcjFpt7BpG9DUR4kaz7nyJ+J6pVEgDtV6QygAgI8+Hhe2BWjphm1Yrz6G2ccfw2y7henHsM0dYWJiYqiVg8waEQpwTP6InnJareFQiExMTDx+8rhQLhx\/NoUIQ2RBaOqFcuHxk8cj4nCO+mae4vr9rnPK\/1Zeg3LOBfT\/6+BcnHIOxUP+Bl2H75E03XCkAAAAAElFTkSuQmCC\" alt=\"\" \/><\/a><\/p>\n<p>\u00ab\u00a0Sources de la Grande Guerre\u00a0\u00bb est mis \u00e0 disposition selon les termes de la <a href=\"http:\/\/creativecommons.org\/licenses\/by-nc-nd\/3.0\/\" target=\"_blank\">licence Creative Commons Paternit\u00e9 \u2013 Pas d\u2019Utilisation Commerciale \u2013 Pas de Modification 3.0 Unported<\/a>.<br \/>\nSauf mention contraire, tout le contenu de ce blog est plac\u00e9 sous cette licence, y compris les commentaires. Lorsque vous laissez un commentaire, vous acceptez qu\u2019il soit sous cette licence.<br \/>\nVous \u00eates libres de partager le contenu de ce blog \u00e0 condition de ne pas le modifier, de mettre le lien vers l\u2019article original et de citer les auteurs et\/ou le nom du blog.<br \/>\nNous n\u2019autorisons pas la r\u00e9utilisation de notre blog \u00e0 des fins commerciales sans notre accord pr\u00e9alable.<\/p>\n","protected":false},"excerpt":{"rendered":"<p>\u00ab\u00a0Sources de la Grande Guerre\u00a0\u00bb est mis \u00e0 disposition selon les termes de la licence Creative Commons Paternit\u00e9 \u2013 Pas d\u2019Utilisation Commerciale \u2013 Pas de Modification 3.0 Unported. Sauf mention contraire, tout le contenu de ce blog est plac\u00e9 sous cette licence, y compris les commentaires. Lorsque vous laissez un commentaire, vous acceptez qu\u2019il soit sous cette licence. Vous \u00eates libres de partager le contenu de ce blog \u00e0 condition de ne pas le modifier, de mettre le lien vers l\u2019article original et de citer les auteurs et\/ou le nom du blog. Nous n\u2019autorisons pas la r\u00e9utilisation de notre blog \u00e0 des fins commerciales sans notre accord pr\u00e9alable.<\/p>\n","protected":false},"author":1,"featured_media":0,"parent":0,"menu_order":0,"comment_status":"open","ping_status":"open","template":"","meta":{"spay_email":""},"jetpack_shortlink":"https:\/\/wp.me\/P2bYSy-8","jetpack_sharing_enabled":true,"_links":{"self":[{"href":"https:\/\/sourcesdelagrandeguerre.fr\/index.php?rest_route=\/wp\/v2\/pages\/8"}],"collection":[{"href":"https:\/\/sourcesdelagrandeguerre.fr\/index.php?rest_route=\/wp\/v2\/pages"}],"about":[{"href":"https:\/\/sourcesdelagrandeguerre.fr\/index.php?rest_route=\/wp\/v2\/types\/page"}],"author":[{"embeddable":true,"href":"https:\/\/sourcesdelagrandeguerre.fr\/index.php?rest_route=\/wp\/v2\/users\/1"}],"replies":[{"embeddable":true,"href":"https:\/\/sourcesdelagrandeguerre.fr\/index.php?rest_route=%2Fwp%2Fv2%2Fcomments&post=8"}],"version-history":[{"count":7,"href":"https:\/\/sourcesdelagrandeguerre.fr\/index.php?rest_route=\/wp\/v2\/pages\/8\/revisions"}],"predecessor-version":[{"id":15,"href":"https:\/\/sourcesdelagrandeguerre.fr\/index.php?rest_route=\/wp\/v2\/pages\/8\/revisions\/15"}],"wp:attachment":[{"href":"https:\/\/sourcesdelagrandeguerre.fr\/index.php?rest_route=%2Fwp%2Fv2%2Fmedia&parent=8"}],"curies":[{"name":"wp","href":"https:\/\/api.w.org\/{rel}","templated":true}]}}